2
-11010
-31 (base 10) to base 5
-111
-11 (base 3) to base 9
-4
Convert -322 (base 6) to base 10.
-122
502 (base 6) to base 16
b6
What is -1 (base 4) in base 13?
-1
What is 96 (base 12) in base 7?
222
Convert 1 (base 12) to base 16.
1
6 (base 12) to base 5
11
What is -3 (base 4) in base 6?
-3
0 (base 8) to base 15
0
Convert 104 (base 5) to base 11.
27
-1 (base 7) to base 4
-1
What is 0 (base 16) in base 7?
0
Convert -185 (base 9) to base 8.
-236
What is -5 (base 7) in base 3?
-12
Convert 6 (base 9) to base 16.
6
-111 (base 4) to base 14
-17
Convert -19 (base 15) to base 9.
-26
Convert 10 (base 7) to base 8.
7
54 (base 6) to base 9
37
Convert 30 (base 4) to base 5.
22
Convert 3 (base 7) to base 6.
3
Convert -128 (base 16) to base 10.
-296
-19 (base 11) to base 14
-16
What is -4 (base 12) in base 10?
-4
Convert -2a (base 13) to base 11.
-33
Convert 5 (base 15) to base 14.
5
What is -1 (base 14) in base 4?
-1
Convert -3 (base 11) to base 4.
-3
What is 1 (base 13) in base 7?
1
What is -23 (base 16) in base 2?
-100011
-1 (base 16) to base 8
-1
Convert 36 (base 9) to base 11.
30
What is 27 (base 8) in base 10?
23
Convert -110 (base 2) to base 11.
-6
Convert 221 (base 3) to base 15.
1a
-16 (base 9) to base 3
-120
What is -10110011 (base 2) in base 3?
-20122
Convert 24 (base 10) to base 5.
44
Convert 152 (base 11) to base 15.
bd
What is -1 (base 13) in base 5?
-1
What is 100 (base 4) in base 16?
10
Convert -ca (base 13) to base 4.
-2212
25 (base 14) to base 10
33
What is -10 (base 11) in base 16?
-b
What is 1302 (base 4) in base 9?
136
21 (base 7) to base 16
f
What is -110111 (base 2) in base 13?
-43
-1 (base 5) to base 9
-1
100 (base 9) to base 12
69
What is -1 (base 6) in base 3?
-1
Convert 42 (base 16) to base 5.
231
-3 (base 12) to base 9
-3
-2 (base 10) to base 16
-2
Convert -179 (base 12) to base 13.
-153
Convert -19 (base 10) to base 13.
-16
Convert -2 (base 16) to base 15.
-2
-21 (base 9) to base 13
-16
Convert -203 (base 7) to base 14.
-73
Convert 1 (base 9) to base 10.
1
-d (base 16) to base 13
-10
Convert -240 (base 8) to base 10.
-160
104 (base 5) to base 6
45
Convert -12 (base 9) to base 5.
-21
-3 (base 15) to base 10
-3
2 (base 15) to base 9
2
Convert 23 (base 6) to base 12.
13
Convert 145 (base 8) to base 3.
10202
441 (base 6) to base 9
207
Convert -14 (base 14) to base 15.
-13
What is 4b (base 16) in base 6?
203
Convert -1001 (base 3) to base 4.
-130
What is -36 (base 12) in base 7?
-60
Convert -1233 (base 5) to base 11.
-166
Convert 1 (base 3) to base 13.
1
Convert 24 (base 14) to base 13.
26
Convert 38 (base 13) to base 10.
47
Convert -24 (base 10) to base 3.
-220
What is 20 (base 8) in base 6?
24
-110 (base 2) to base 14
-6
Convert 166 (base 8) to base 6.
314
Convert -1 (base 15) to base 9.
-1
1 (base 9) to base 10
1
What is 21 (base 7) in base 4?
33
What is 0 (base 4) in base 3?
0
260 (base 8) to base 11
150
Convert 46 (base 14) to base 5.
222
What is -124 (base 5) in base 14?
-2b
Convert 3 (base 13) to base 10.
3
-116 (base 9) to base 4
-1200
Convert -16 (base 11) to base 7.
-23
-27 (base 11) to base 10
-29
What is -11 (base 13) in base 3?
-112
-6 (base 8) to base 10
-6
Convert 5 (base 16) to base 5.
10
What is 10 (base 2) in base 9?
2
What is 25 (base 12) in base 8?
35
What is -1a9 (base 11) in base 16?
-f0
-12 (base 5) to base 9
-7
Convert ac (base 15) to base 8.
242
Convert 4 (base 14) to base 6.
4
Convert -111 (base 2) to base 6.
-11
Convert -8 (base 9) to base 3.
-22
What is -1200 (base 3) in base 6?
-113
Convert 1 (base 8) to base 16.
1
Convert -2 (base 8) to base 14.
-2
2 (base 13) to base 10
2
What is -1 (base 2) in base 11?
-1
11111 (base 2) to base 8
37
What is 25 (base 9) in base 13?
1a
What is 1 (base 13) in base 3?
1
Convert -1 (base 14) to base 16.
-1
Convert 220 (base 4) to base 3.
1111
-110 (base 3) to base 10
-12
What is -1 (base 5) in base 12?
-1
-155 (base 14) to base 4
-10033
Convert -11 (base 6) to base 8.
-7
10001 (base 4) to base 14
145
Convert -4 (base 11) to base 13.
-4
2 (base 3) to base 15
2
33 (base 5) to base 8
22
What is -11100 (base 2) in base 8?
-34
What is -110 (base 5) in base 12?
-26
Convert 4 (base 15) to base 11.
4
31 (base 15) to base 10
46
16 (base 15) to base 10
21
Convert -11000 (base 3) to base 12.
-90
What is -22 (base 4) in base 8?
-12
What is 101212 (base 3) in base 12?
205
Convert 14 (base 12) to base 14.
12
-100 (base 3) to base 13
-9
What is 22 (base 13) in base 14?
20
Convert -1 (base 10) to base 6.
-1
What is -206 (base 10) in base 3?
-21122
Convert 4 (base 13) to base 5.
4
11 (base 8) to base 2
1001
1133 (base 4) to base 3
10112
102 (base 5) to base 4
123
What is 0 (base 4) in base 2?
0
What is 11 (base 16) in base 10?
17
What is 2 (base 16) in base 8?
2
273 (base 8) to base 2
10111011
What is -15 (base 16) in base 2?
-10101
What is -38 (base 13) in base 11?
-43
Convert -10 (base 4) to base 8.
-4
What is 112 (base 3) in base 8?
16
Convert -c (base 16) to base 11.
-11
Convert -1022 (base 4) to base 11.
-68
0 (base 12) to base 11
0
6 (base 16) to base 13
6
-2 (base 14) to base 2
-10
What is 14 (base 12) in base 15?
11
Convert -243 (base 8) to base 12.
-117
What is 1144 (base 7) in base 16?
1a8
5 (base 15) to base 4
11
What is -8 (base 12) in base 14?
-8
Convert 79 (base 13) to base 8.
144
What is 10 (base 14) in base 6?
22
What is 5 (base 10) in base 14?
5
What is 100 (base 13) in base 14?
c1
-100011 (base 2) to base 15
-25
-14 (base 8) to base 7
-15
20 (base 8) to base 6
24
8a (base 12) to base 15
71
Convert 11 (base 7) to base 14.
8
61 (base 9) to base 10
55
What is -11100110 (base 2) in base 5?
-1410
5 (base 12) to base 5
10
Convert -11 (base 10) to base 11.
-10
37 (base 10) to base 6
101
What is 5 (base 9) in base 13?
5
What is -51 (base 9) in base 3?
-1201
-1 (base 4) to base 11
-1
Convert e (base 16) to base 12.
12
Convert 101 (base 6) to base 7.
52
-9 (base 16) to base 2
-1001
What is -303 (base 5) in base 13?
-60
Convert 14 (base 10) to base 9.
15
Convert 1 (base 5) to base 2.
1
Convert -aa (base 12) to base 4.
-2002
Convert -36 (base 7) to base 3.
-1000
Convert -aa (base 14) to base 6.
-410
1 (base 9) to base 6
1
Convert -10 (base 3) to base 4.
-3
What is 14 (base 8) in base 9?
13
Convert 11 (base 3) to base 12.
4
Convert -67 (base 15) to base 6.
-241
What is -30 (base 7) in base 6?
-33
-12011 (base 3) to base 6
-351
What is 11120 (base 3) in base 16?
7b
0 (base 15) to base 12
0
Convert 12 (base 16) to base 3.
200
Convert -121 (base 10) to base 16.
-79
What is 120 (base 4) in base 2?
11000
What is -7 (base 12) in base 15?
-7
Convert 61 (base 9) to base 6.
131
Convert -5 (base 15) to base 16.
-5
-100 (base 4) to base 5
-31
Convert -10021 (base 4) to base 13.
-175
Convert -127 (base 9) to base 14.
-78
What is -120 (base 11) in base 16?
-8f
What is 3 (base 5) in base 12?
3
Convert 1 (base 12) to base 13.
1
Convert 100 (base 3) to base 2.
1001
What is 21 (base 8) in base 2?
10001
What is -2 (base 14) in base 7?
-2
What is 1 (base 8) in base 7?
1
Convert 0 (base 3) to base 10.
0
10 (base 4) to base 16
4
Convert 206 (base 8) to base 11.
112
Convert 7 (base 11) to base 7.
10
What is 2 (base 14) in base 3?
2
3 (base 9) to base 15
3
Convert 14 (base 7) to base 5.
21
Convert 3 (base 10) to base 8.
3
-2 (base 10) to base 16
-2
187 (base 9) to base 7
316
What is 31 (base 4) in base 10?
13
Convert -6 (base 7) to base 14.
-6
Convert -10 (base 4) to base 2.
-100
What is -10011101 (base 2) in base 8?
-235
-a (base 11) to base 4
-22
Convert a (base 14) to base 11.
a
Convert 7 (base 13) to base 14.
7
-245 (base 8) to base 10
-165
6 (base 9) to base 13
6
-12 (base 3) to base 8
-5
What is -12 (base 8) in base 15?
-a
What is 61 (base 11) in base 13?
52
-313 (base 4) to base 8
-67
2 (base 12) to base 10
2
What is -2122 (base 3) in base 16?
-47
Convert 221 (base 5) to base 10.
61
What is -1a (base 13) in base 5?
-43
Convert 2 (base 7) to base 14.
2
What is -59 (base 12) in base 7?
-126
Convert -31 (base 5) to base 11.
-15
What is 2 (base 3) in base 14?
2
2a (base 12) to base 3
1021
What is -54 (base 8) in base 4?
-230
What is -10 (base 12) in base 6?
-20
Convert 0 (base 6) to base 7.
0
2 (base 12) to base 2
10
What is -52 (base 9) in base 5?
-142
What is 21 (base 6) in base 2?
1101
-111 (bas